{"id":14973,"date":"2025-01-12T12:36:33","date_gmt":"2025-01-12T12:36:33","guid":{"rendered":"https:\/\/www.mitdemlebentanzen.de\/?post_type=portfolio_page&#038;p=14973"},"modified":"2026-04-20T20:56:51","modified_gmt":"2026-04-20T20:56:51","slug":"soul-in-motion-in-verbindung-sein-22-mai-26","status":"publish","type":"portfolio_page","link":"https:\/\/www.mitdemlebentanzen.de\/index.php\/portfolio_page\/soul-in-motion-in-verbindung-sein-22-mai-26\/","title":{"rendered":"1 Soul in Motion  &#8211; in Verbindung sein, 22.Mai 2026 M\u00fcnchen"},"content":{"rendered":"\t\t<div data-elementor-type=\"wp-post\" data-elementor-id=\"14973\" class=\"elementor elementor-14973\">\n\t\t\t\t<div class=\"elementor-element elementor-element-e96cfe9 e-flex e-con-boxed parallax_section_no qode_elementor_container_no e-con e-parent\" data-id=\"e96cfe9\" data-element_type=\"container\" data-e-type=\"container\">\n\t\t\t\t\t<div class=\"e-con-inner\">\n\t\t\t\t<div class=\"elementor-element elementor-element-61423e4 elementor-widget elementor-widget-heading\" data-id=\"61423e4\" data-element_type=\"widget\" data-e-type=\"widget\" data-widget_type=\"heading.default\">\n\t\t\t\t<div class=\"elementor-widget-container\">\n\t\t\t\t\t<h4 class=\"elementor-heading-title elementor-size-default\">SOUL in Motion<\/h4>\t\t\t\t<\/div>\n\t\t\t\t<\/div>\n\t\t\t\t\t<\/div>\n\t\t\t\t<\/div>\n\t\t<div class=\"elementor-element elementor-element-e117f24 e-flex e-con-boxed parallax_section_no qode_elementor_container_no e-con e-parent\" data-id=\"e117f24\" data-element_type=\"container\" data-e-type=\"container\">\n\t\t\t\t\t<div class=\"e-con-inner\">\n\t\t\t\t<div class=\"elementor-element elementor-element-ae02d1b elementor-widget elementor-widget-text-editor\" data-id=\"ae02d1b\" data-element_type=\"widget\" data-e-type=\"widget\" data-widget_type=\"text-editor.default\">\n\t\t\t\t<div class=\"elementor-widget-container\">\n\t\t\t\t\t\t\t\t\t<p>Ein Tanzabend mit Elementen aus Soulmotion und Power of Life Dance.<\/p>\t\t\t\t\t\t\t\t<\/div>\n\t\t\t\t<\/div>\n\t\t\t\t\t<\/div>\n\t\t\t\t<\/div>\n\t\t<div class=\"elementor-element elementor-element-7fa57b09 e-con-full e-flex parallax_section_no qode_elementor_container_no e-con e-parent\" data-id=\"7fa57b09\" data-element_type=\"container\" data-e-type=\"container\">\n\t\t\t\t<div class=\"elementor-element elementor-element-44b2d318 elementor-widget__width-initial elementor-widget elementor-widget-text-editor\" data-id=\"44b2d318\" data-element_type=\"widget\" data-e-type=\"widget\" data-widget_type=\"text-editor.default\">\n\t\t\t\t<div class=\"elementor-widget-container\">\n\t\t\t\t\t\t\t\t\t<p>In Verbindung sein &#8211; <br \/>in Verbindung kommen <\/p><p>mit mir &#8211; mit anderen T\u00e4nzern &#8211; mit dem Universum.<\/p><p>\u00a0<\/p><p>Eine Einladung in Bewegung und Tanz in Verbindung zu kommen.<br \/>Erst mit mir, meinem K\u00f6rper, meinem Atem, meinem Herz, meiner Seele. Das in Bewegung bringen, was in mir ist, in seiner ganzen F\u00fclle und Spannweite, eckig &#8211; rund, schnell &#8211; langsam, flie\u00dfend &#8211; staccato, im Rhythmus &#8211; gegen den Rhythmus, alles darf sein!<\/p><p>\u00a0<\/p><p>Und dann ein Blick &#8211; eine erster Kontakt. Wie ist es, mit mir in Verbindung sein und in Verbindung mit einem\/r anderen T\u00e4nzerIn zu gehen? Ganz bei mir und auch bei Dir. In der Bewegung sich begegnen, ein St\u00fcck gemeinsam tanzen, die Welt f\u00fcr einen Moment teilen.<\/p><p>\u00a0<\/p><p>Und dann &#8211; vielleicht &#8211; mit einem tiefen Atemzug und einer mutigen Drehung mit dem Universum in Verbindung gehen, sich der gro\u00dfen Bewegung ganz hingeben&#8230;<\/p><p>\u00a0<\/p><p>Ein Experimentierraum, ein Wohlf\u00fchlraum und ein achtsamer Raum zum Tanzen und Dasein!<\/p>\t\t\t\t\t\t\t\t<\/div>\n\t\t\t\t<\/div>\n\t\t\t\t<\/div>\n\t\t\t\t<\/div>\n\t\t","protected":false},"excerpt":{"rendered":"<p>SOUL in Motion Ein Tanzabend mit Elementen aus Soulmotion und Power of Life Dance. In Verbindung sein &#8211; in Verbindung kommen mit mir &#8211; mit anderen T\u00e4nzern &#8211; mit dem Universum. \u00a0 Eine Einladung in Bewegung und Tanz in Verbindung zu kommen.Erst mit mir, meinem&#8230;<\/p>\n","protected":false},"author":1,"featured_media":15224,"menu_order":1,"comment_status":"closed","ping_status":"closed","template":"","portfolio_category":[29,33],"portfolio_tag":[35,30,36,37,26,38],"class_list":["post-14973","portfolio_page","type-portfolio_page","status-publish","has-post-thumbnail","hentry","portfolio_category-power-of-life-dance","portfolio_category-soulmotion","portfolio_tag-bewegung","portfolio_tag-consious-dance","portfolio_tag-freude","portfolio_tag-geniessen","portfolio_tag-tanzen","portfolio_tag-verbindung"],"_links":{"self":[{"href":"https:\/\/www.mitdemlebentanzen.de\/index.php\/wp-json\/wp\/v2\/portfolio_page\/14973","targetHints":{"allow":["GET"]}}],"collection":[{"href":"https:\/\/www.mitdemlebentanzen.de\/index.php\/wp-json\/wp\/v2\/portfolio_page"}],"about":[{"href":"https:\/\/www.mitdemlebentanzen.de\/index.php\/wp-json\/wp\/v2\/types\/portfolio_page"}],"author":[{"embeddable":true,"href":"https:\/\/www.mitdemlebentanzen.de\/index.php\/wp-json\/wp\/v2\/users\/1"}],"replies":[{"embeddable":true,"href":"https:\/\/www.mitdemlebentanzen.de\/index.php\/wp-json\/wp\/v2\/comments?post=14973"}],"version-history":[{"count":27,"href":"https:\/\/www.mitdemlebentanzen.de\/index.php\/wp-json\/wp\/v2\/portfolio_page\/14973\/revisions"}],"predecessor-version":[{"id":15233,"href":"https:\/\/www.mitdemlebentanzen.de\/index.php\/wp-json\/wp\/v2\/portfolio_page\/14973\/revisions\/15233"}],"wp:featuredmedia":[{"embeddable":true,"href":"https:\/\/www.mitdemlebentanzen.de\/index.php\/wp-json\/wp\/v2\/media\/15224"}],"wp:attachment":[{"href":"https:\/\/www.mitdemlebentanzen.de\/index.php\/wp-json\/wp\/v2\/media?parent=14973"}],"wp:term":[{"taxonomy":"portfolio_category","embeddable":true,"href":"https:\/\/www.mitdemlebentanzen.de\/index.php\/wp-json\/wp\/v2\/portfolio_category?post=14973"},{"taxonomy":"portfolio_tag","embeddable":true,"href":"https:\/\/www.mitdemlebentanzen.de\/index.php\/wp-json\/wp\/v2\/portfolio_tag?post=14973"}],"curies":[{"name":"wp","href":"https:\/\/api.w.org\/{rel}","templated":true}]}}

1 Soul in Motion  &#8211; in Verbindung sein, 22.Mai 2026 München

<div data-elementor-type="wp-post" data-elementor-id="14973" class="elementor elementor-14973">
				<div class="elementor-element elementor-element-e96cfe9 e-flex e-con-boxed parallax_section_no qode_elementor_container_no e-con e-parent" data-id="e96cfe9" data-element_type="container" data-e-type="container">
					<div class="e-con-inner">
				<div class="elementor-element elementor-element-61423e4 elementor-widget elementor-widget-heading" data-id="61423e4" data-element_type="widget" data-e-type="widget" data-widget_type="heading.default">
				<div class="elementor-widget-container">
					<h4 class="elementor-heading-title elementor-size-default">SOUL in Motion</h4>				</div>
				</div>
					</div>
				</div>
		<div class="elementor-element elementor-element-e117f24 e-flex e-con-boxed parallax_section_no qode_elementor_container_no e-con e-parent" data-id="e117f24" data-element_type="container" data-e-type="container">
					<div class="e-con-inner">
				<div class="elementor-element elementor-element-ae02d1b elementor-widget elementor-widget-text-editor" data-id="ae02d1b" data-element_type="widget" data-e-type="widget" data-widget_type="text-editor.default">
				<div class="elementor-widget-container">
									<p>Ein Tanzabend mit Elementen aus Soulmotion und Power of Life Dance.</p>								</div>
				</div>
					</div>
				</div>
		<div class="elementor-element elementor-element-7fa57b09 e-con-full e-flex parallax_section_no qode_elementor_container_no e-con e-parent" data-id="7fa57b09" data-element_type="container" data-e-type="container">
				<div class="elementor-element elementor-element-44b2d318 elementor-widget__width-initial elementor-widget elementor-widget-text-editor" data-id="44b2d318" data-element_type="widget" data-e-type="widget" data-widget_type="text-editor.default">
				<div class="elementor-widget-container">
									<p>In Verbindung sein &#8211; <br />in Verbindung kommen </p><p>mit mir &#8211; mit anderen Tänzern &#8211; mit dem Universum.</p><p> </p><p>Eine Einladung in Bewegung und Tanz in Verbindung zu kommen.<br />Erst mit mir, meinem Körper, meinem Atem, meinem Herz, meiner Seele. Das in Bewegung bringen, was in mir ist, in seiner ganzen Fülle und Spannweite, eckig &#8211; rund, schnell &#8211; langsam, fließend &#8211; staccato, im Rhythmus &#8211; gegen den Rhythmus, alles darf sein!</p><p> </p><p>Und dann ein Blick &#8211; eine erster Kontakt. Wie ist es, mit mir in Verbindung sein und in Verbindung mit einem/r anderen TänzerIn zu gehen? Ganz bei mir und auch bei Dir. In der Bewegung sich begegnen, ein Stück gemeinsam tanzen, die Welt für einen Moment teilen.</p><p> </p><p>Und dann &#8211; vielleicht &#8211; mit einem tiefen Atemzug und einer mutigen Drehung mit dem Universum in Verbindung gehen, sich der großen Bewegung ganz hingeben&#8230;</p><p> </p><p>Ein Experimentierraum, ein Wohlfühlraum und ein achtsamer Raum zum Tanzen und Dasein!</p>								</div>
				</div>
				</div>
				</div>

<p>SOUL in Motion Ein Tanzabend mit Elementen aus Soulmotion und Power of Life Dance. In Verbindung sein &#8211; in Verbindung kommen mit mir &#8211; mit anderen Tänzern &#8211; mit dem Universum.   Eine Einladung in Bewegung und Tanz in Verbindung zu kommen.Erst mit mir, meinem&#8230;</p>
