{"id":2,"date":"2024-02-29T23:07:09","date_gmt":"2024-02-29T23:07:09","guid":{"rendered":"https:\/\/www.mitdemlebentanzen.de\/?page_id=2"},"modified":"2025-11-18T00:02:10","modified_gmt":"2025-11-18T00:02:10","slug":"mit-dem-leben-tanzen","status":"publish","type":"page","link":"https:\/\/www.mitdemlebentanzen.de\/","title":{"rendered":"mit dem Leben tanzen"},"content":{"rendered":"\t\t<div data-elementor-type=\"wp-page\" data-elementor-id=\"2\" class=\"elementor elementor-2\">\n\t\t\t\t<div class=\"elementor-element elementor-element-67fa0bbd e-flex e-con-boxed parallax_section_no qode_elementor_container_no e-con e-parent\" data-id=\"67fa0bbd\" data-element_type=\"container\" data-e-type=\"container\" data-settings=\"{&quot;background_background&quot;:&quot;classic&quot;}\">\n\t\t\t\t\t<div class=\"e-con-inner\">\n\t\t\t\t<div class=\"elementor-element elementor-element-1a4d366a elementor-widget elementor-widget-text-editor\" data-id=\"1a4d366a\" data-element_type=\"widget\" data-e-type=\"widget\" data-widget_type=\"text-editor.default\">\n\t\t\t\t<div class=\"elementor-widget-container\">\n\t\t\t\t\t\t\t\t\t<h3><\/h3>\n<h2>\u00a0<\/h2>\n<h2 style=\"padding-left: 40px;\">Mit dem Leben tanzen<\/h2>\n<p>\u00a0<\/p>\n<p>\u00a0<\/p>\n<p>\u00a0<\/p>\n<p>\u00a0<\/p>\n<p>\u00a0<\/p>\n<p>\u00a0<\/p>\n<p>\u00a0<\/p>\n<h3><\/h3>\n<p>\u00a0<\/p>\t\t\t\t\t\t\t\t<\/div>\n\t\t\t\t<\/div>\n\t\t\t\t\t<\/div>\n\t\t\t\t<\/div>\n\t\t<div class=\"elementor-element elementor-element-5a62352 e-con-full e-flex parallax_section_no qode_elementor_container_no e-con e-parent\" data-id=\"5a62352\" data-element_type=\"container\" data-e-type=\"container\">\n\t\t\t\t<div class=\"elementor-element elementor-element-4a04825 elementor-widget elementor-widget-spacer\" data-id=\"4a04825\" data-element_type=\"widget\" data-e-type=\"widget\" data-widget_type=\"spacer.default\">\n\t\t\t\t<div class=\"elementor-widget-container\">\n\t\t\t\t\t\t\t<div class=\"elementor-spacer\">\n\t\t\t<div class=\"elementor-spacer-inner\"><\/div>\n\t\t<\/div>\n\t\t\t\t\t\t<\/div>\n\t\t\t\t<\/div>\n\t\t\t\t<\/div>\n\t\t<div class=\"elementor-element elementor-element-5779054 e-flex e-con-boxed parallax_section_no qode_elementor_container_no e-con e-parent\" data-id=\"5779054\" data-element_type=\"container\" data-e-type=\"container\">\n\t\t\t\t\t<div class=\"e-con-inner\">\n\t\t\t\t<div class=\"elementor-element elementor-element-db1a7cd elementor-widget__width-inherit elementor-widget elementor-widget-text-editor\" data-id=\"db1a7cd\" data-element_type=\"widget\" data-e-type=\"widget\" data-widget_type=\"text-editor.default\">\n\t\t\t\t<div class=\"elementor-widget-container\">\n\t\t\t\t\t\t\t\t\t<h4>Mit dem Leben tanzen \u2013 eine Einladung an die Lebendigkeit, an die Freude und an all das, was in Dir ist oder noch darauf wartet, entdeckt zu werden. Und \u00fcber Bewegung ins Leben gebracht zu werden.<\/h4>\t\t\t\t\t\t\t\t<\/div>\n\t\t\t\t<\/div>\n\t\t\t\t<div class=\"elementor-element elementor-element-5131ae7 elementor-widget elementor-widget-spacer\" data-id=\"5131ae7\" data-element_type=\"widget\" data-e-type=\"widget\" data-widget_type=\"spacer.default\">\n\t\t\t\t<div class=\"elementor-widget-container\">\n\t\t\t\t\t\t\t<div class=\"elementor-spacer\">\n\t\t\t<div class=\"elementor-spacer-inner\"><\/div>\n\t\t<\/div>\n\t\t\t\t\t\t<\/div>\n\t\t\t\t<\/div>\n\t\t\t\t\t<\/div>\n\t\t\t\t<\/div>\n\t\t<div class=\"elementor-element elementor-element-4199dec e-grid e-con-full parallax_section_no qode_elementor_container_no e-con e-parent\" data-id=\"4199dec\" data-element_type=\"container\" data-e-type=\"container\">\n\t\t\t\t<div class=\"elementor-element elementor-element-6461657 elementor-widget elementor-widget-image\" data-id=\"6461657\" data-element_type=\"widget\" data-e-type=\"widget\" data-widget_type=\"image.default\">\n\t\t\t\t<div class=\"elementor-widget-container\">\n\t\t\t\t\t\t\t\t\t\t\t\t\t\t\t<img fetchpriority=\"high\" decoding=\"async\" width=\"800\" height=\"533\" src=\"https:\/\/www.mitdemlebentanzen.de\/wp-content\/uploads\/2024\/07\/LH-Portrait.jpg\" class=\"attachment-portfolio-landscape size-portfolio-landscape wp-image-14941\" alt=\"\" srcset=\"https:\/\/www.mitdemlebentanzen.de\/wp-content\/uploads\/2024\/07\/LH-Portrait.jpg 800w, https:\/\/www.mitdemlebentanzen.de\/wp-content\/uploads\/2024\/07\/LH-Portrait-300x200.jpg 300w, https:\/\/www.mitdemlebentanzen.de\/wp-content\/uploads\/2024\/07\/LH-Portrait-768x512.jpg 768w, https:\/\/www.mitdemlebentanzen.de\/wp-content\/uploads\/2024\/07\/LH-Portrait-700x466.jpg 700w\" sizes=\"(max-width: 800px) 100vw, 800px\" \/>\t\t\t\t\t\t\t\t\t\t\t\t\t\t\t<\/div>\n\t\t\t\t<\/div>\n\t\t\t\t<div class=\"elementor-element elementor-element-0618a2e elementor-widget elementor-widget-text-editor\" data-id=\"0618a2e\" data-element_type=\"widget\" data-e-type=\"widget\" data-widget_type=\"text-editor.default\">\n\t\t\t\t<div class=\"elementor-widget-container\">\n\t\t\t\t\t\t\t\t\t<h4><span lang=\"en-US\">Was ist Mit dem Leben tanzen? <\/span><\/h4>\n<p>\u00a0<\/p>\n<h4><span lang=\"en-US\">Mit dem Leben tanzen<\/span> ist mehr als Tanz \u2013 es ist eine spielerische Entdeckungsreise zu dir selbst. Es l\u00e4dt dich ein:<\/h4>\n<h4 style=\"padding-left: 40px;\">&#8211; dich in der Bewegung zu erfahren \u2013 frei, ungezwungen, lebendig.<\/h4>\n<h4 style=\"padding-left: 40px;\">&#8211; dir und anderen im Tanz zu begegnen \u2013 direkt aus dem Herzen.<\/h4>\n<h4 style=\"padding-left: 40px;\">&#8211; deine Lebensfreude zu sp\u00fcren und zu genie\u00dfen \u2013 voller Leichtigkeit.<\/h4>\n<h4 style=\"padding-left: 40px;\">&#8211; Verborgenes aufbl\u00fchen zu lassen \u2013 alte Muster loszulassen und Neues zu entdecken.<\/h4>\n<h4 style=\"padding-left: 40px;\">&#8211; deine Kreativit\u00e4t zu entfalten \u2013 ohne Vorgaben, einfach im Flow.<\/h4>\n<h4 style=\"padding-left: 40px;\">&#8211; dich der Musik anzuvertrauen und zu tanzen \u2013 so, wie es sich f\u00fcr dich richtig anf\u00fchlt.<\/h4>\t\t\t\t\t\t\t\t<\/div>\n\t\t\t\t<\/div>\n\t\t\t\t<\/div>\n\t\t<div class=\"elementor-element elementor-element-eebbebc e-con-full e-flex parallax_section_no qode_elementor_container_no e-con e-parent\" data-id=\"eebbebc\" data-element_type=\"container\" data-e-type=\"container\">\n\t\t\t\t<div class=\"elementor-element elementor-element-345cdb5 elementor-widget elementor-widget-spacer\" data-id=\"345cdb5\" data-element_type=\"widget\" data-e-type=\"widget\" data-widget_type=\"spacer.default\">\n\t\t\t\t<div class=\"elementor-widget-container\">\n\t\t\t\t\t\t\t<div class=\"elementor-spacer\">\n\t\t\t<div class=\"elementor-spacer-inner\"><\/div>\n\t\t<\/div>\n\t\t\t\t\t\t<\/div>\n\t\t\t\t<\/div>\n\t\t\t\t<div class=\"elementor-element elementor-element-d235684 elementor-widget elementor-widget-text-editor\" data-id=\"d235684\" data-element_type=\"widget\" data-e-type=\"widget\" data-widget_type=\"text-editor.default\">\n\t\t\t\t<div class=\"elementor-widget-container\">\n\t\t\t\t\t\t\t\t\t<h4><span lang=\"en-US\">Mit dem Leben tanzen<\/span> ist eine wunderbare Bewusstseinsarbeit, bei der abwechslungsreiche Musik, Bewegung und der Ausdruck deines Selbst im Mittelpunkt stehen.<\/h4>\n<h4>Anders als bei einem Abend in der Disco geht es dabei nicht nur ums Tanzen f\u00fcr dich allein \u2013 und doch gibt es Raum genau daf\u00fcr: ganz bei dir zu sein, mit deinem eigenen Erleben, in deiner Bewegung. Gleichzeitig entsteht in der Gruppe etwas Gemeinsames \u2013 durch achtsame Pr\u00e4senz, geteilte Freude und lebendige Begegnung. So \u00f6ffnet sich ein Raum, in dem sowohl ganz dein Eigenes als auch echte Verbindung m\u00f6glich sind.<\/h4>\n<p>\u00a0<\/p>\n<h4><span style=\"color: #008080;\">\u201cDer Tanz will dich so wie du bist, so begabt, so ungeschickt, so lustig, so ernst, so dick und so d\u00fcnn, so wie du bist, kein bisschen anders.\u201d<\/span><\/h4>\n<p>&#8211; Bernhard Weise<\/p>\n<h4>\u00a0<\/h4>\n<h4><span lang=\"en-US\">Was bewirkt <\/span><span lang=\"en-US\">Mit dem Leben tanzen<\/span><span lang=\"en-US\">? <\/span><\/h4>\n<h4 style=\"padding-left: 40px;\">&#8211; Reduziert Stress und bringt dich zur\u00fcck in deine Mitte.<\/h4>\n<h4 style=\"padding-left: 40px;\">&#8211; Schenkt dir neue Energie und ein Gef\u00fchl von Lebendigkeit.<\/h4>\n<h4 style=\"padding-left: 40px;\">&#8211; Macht Spa\u00df \u2013 du tanzt mit Freude, Leichtigkeit und ohne Leistungsdruck.<\/h4>\n<h4 style=\"padding-left: 40px;\">&#8211; Entwickelt deine Kreativit\u00e4t und deinen Selbstausdruck.<\/h4>\n<h4 style=\"padding-left: 40px;\">&#8211; Hilft dir, dich zu zentrieren und wieder in Verbindung mit dir selbst zu kommen.<\/h4>\n<h4 style=\"padding-left: 40px;\">&#8211; L\u00e4sst dich ein Ja zu dir selbst sp\u00fcren und deine Gef\u00fchle in Bewegung bringen.<\/h4>\n<h4 style=\"padding-left: 40px;\">&#8211; Schenkt dir eine gute Zeit mit anderen Menschen \u2013 tanzend, lebendig, verbunden.<\/h4>\n<h4>\u00a0<\/h4>\n<h4>Inspiriert von Power of Life Dance, Soulmotion und Contact Improvisation.<\/h4>\n<h4>\u00a0<\/h4>\n<h4>Am Anfang ist die Neugier. Alles andere entsteht von selbst. Du brauchst keinerlei Vorkenntnisse oder besondere Fitness, nur Freude am Tanzen, an Begegnung und Musik. Komm einfach vorbei und genie\u00dfe Lebensfreude in Bewegung!<\/h4>\n<p>\u00a0<\/p>\t\t\t\t\t\t\t\t<\/div>\n\t\t\t\t<\/div>\n\t\t\t\t<div class=\"elementor-element elementor-element-36b0e1a elementor-widget elementor-widget-text-editor\" data-id=\"36b0e1a\" data-element_type=\"widget\" data-e-type=\"widget\" id=\"About\" data-widget_type=\"text-editor.default\">\n\t\t\t\t<div class=\"elementor-widget-container\">\n\t\t\t\t\t\t\t\t\t<h4>\u00dcber mich:<br \/><br \/><\/h4>\n<h4><span style=\"color: #008080;\">&#8222;Wenn es den Tanz nicht g\u00e4be, m\u00fcsste er f\u00fcr mich erfunden werden.&#8220;<br \/><br \/><\/span><\/h4>\n<h4>Tanz ist f\u00fcr mich Lebendigsein, mich erfahren und sp\u00fcren.<\/h4>\n<p>\u00a0<\/p>\n<h4>Ich bin ausgebildeter Power of Life Dance und Soulmotion Teacher.<\/h4>\n<h4>Beide Methoden, Power of Life Dance und Soulmotion, verbinden, jede auf ihre eigene Weise, das Gef\u00fchl von Lebendigkeit mit Achtsamkeit und Herz\u00f6ffnung.\u00a0 Zentral ist, mit sich selbst und mit den anderen Menschen in offenem und liebevollem Kontakt zu sein.<\/h4>\n<p>\u00a0<\/p>\n<h4>Dies m\u00f6chte ich zusammen mit all den Geschenken und Erkenntnissen, die mir auf meinem Lebensweg begegnet sind, im Tanz teilen: Ich \u00f6ffne den Raum in der Bewegung, erm\u00f6gliche Dir, zu wachsen und Dich zu erfahren auf eine leichte, lebendige, manchmal auch wilde Weise. Oder einfach in Freude und Lebenslust zu tanzen. So, wie Du es magst.<br \/><br \/>Mit dem Leben tanzen ist eine Einladung an die Lebendigkeit, mit all dem in Bewegung zu kommen, was ist.<br \/><br \/><\/h4>\t\t\t\t\t\t\t\t<\/div>\n\t\t\t\t<\/div>\n\t\t\t\t<div class=\"elementor-element elementor-element-7a562a2 elementor-widget elementor-widget-text-editor\" data-id=\"7a562a2\" data-element_type=\"widget\" data-e-type=\"widget\" id=\"Reviews\" data-widget_type=\"text-editor.default\">\n\t\t\t\t<div class=\"elementor-widget-container\">\n\t\t\t\t\t\t\t\t\t<h4><span style=\"color: #333333;\">Was andere \u00fcber meine Veranstaltungen sagen<\/span>:<\/h4>\n<p>\u00a0<\/p>\n<h4><span style=\"color: #008080;\"><i>&#8222;Ein besonderes Highlight waren die Abende, in denen wir unsere \u201aPower of Life\u2018 tanzend ausdr\u00fccken konnten. Lothar hat uns mit seinen \u00dcbungsangeboten, der Musikauswahl und seiner mitrei\u00dfenden Lebenslust zum Abtanzen, spielerischen Ausprobieren, Erfahren, Lachen und Loslassen eingeladen.<\/i><\/span><\/h4>\n<h4><span style=\"color: #008080;\"><i>Ein rundum gelungenes Seminar, das lebendig in meinem Sein nachschwingt. Danke!\u201c\u00a0\u00a0\u00a0 <\/i><span style=\"color: #000000;\">Regine<\/span><\/span><\/h4>\n<p>\u00a0<\/p>\n<h4><span style=\"color: #008080;\"><i>&#8222;Ich habe diese 2 Tage wirklich so genossen, eine wunderbare Mischung von Stille und Bewegung und alles so gew\u00e4hrend \u2013 meditativ, so lebendig und leicht.<\/i><\/span><\/h4>\n<h4><span style=\"color: #008080;\"><i>Und kein Muss, sondern immer wieder die Erinnerung, gut f\u00fcr sich zu sorgen und zu schauen, was ist jetzt m\u00f6glich an Bewegung, sich auch genug Pausen zu g\u00f6nnen, sich hinlegen, einfach da sein \u201c\u00a0\u00a0 <\/i><span style=\"color: #000000;\">Ulrike<\/span><\/span><\/h4>\n<p>\u00a0<\/p>\n<h4><span style=\"color: #008080;\"><i>&#8222;&#8230;mein Herz tanzt immer wieder, wenn ich an unsere Power denke, die sich beim Retreat in der Toskana entwickelt hat. Heike hat am Montag f\u00fcr den IFS Input gesorgt und du am Nachmittag bzw Abend f\u00fcr das Wecken der Lebensenergie (vor allem meiner \ud83d\ude42<\/i><\/span><\/h4>\n<h4><span style=\"color: #008080;\"><i>Es war einfach genial&#8230;. \u201c \u00a0\u00a0 <\/i><span style=\"color: #000000;\">Christine<\/span><\/span><\/h4>\n<p>\u00a0<\/p>\n<p>\u00a0<\/p>\t\t\t\t\t\t\t\t<\/div>\n\t\t\t\t<\/div>\n\t\t\t\t<div class=\"elementor-element elementor-element-d5b8988 elementor-widget elementor-widget-spacer\" data-id=\"d5b8988\" data-element_type=\"widget\" data-e-type=\"widget\" data-widget_type=\"spacer.default\">\n\t\t\t\t<div class=\"elementor-widget-container\">\n\t\t\t\t\t\t\t<div class=\"elementor-spacer\">\n\t\t\t<div class=\"elementor-spacer-inner\"><\/div>\n\t\t<\/div>\n\t\t\t\t\t\t<\/div>\n\t\t\t\t<\/div>\n\t\t\t\t<div class=\"elementor-element elementor-element-d115d38 elementor-widget elementor-widget-text-editor\" data-id=\"d115d38\" data-element_type=\"widget\" data-e-type=\"widget\" id=\"Termine\" data-widget_type=\"text-editor.default\">\n\t\t\t\t<div class=\"elementor-widget-container\">\n\t\t\t\t\t\t\t\t\t<h4>Die Veranstaltungen:<\/h4>\t\t\t\t\t\t\t\t<\/div>\n\t\t\t\t<\/div>\n\t\t\t\t<\/div>\n\t\t<div class=\"elementor-element elementor-element-090d06f e-con-full e-flex parallax_section_no qode_elementor_container_no e-con e-parent\" data-id=\"090d06f\" data-element_type=\"container\" data-e-type=\"container\">\n\t\t\t\t<div class=\"elementor-element elementor-element-0067b6c elementor-widget elementor-widget-bridge_portfolio_list\" data-id=\"0067b6c\" data-element_type=\"widget\" data-e-type=\"widget\" data-widget_type=\"bridge_portfolio_list.default\">\n\t\t\t\t<div class=\"elementor-widget-container\">\n\t\t\t\t\t<div class='projects_holder_outer v2 portfolio_with_space portfolio_standard'>\n        <div class='projects_holder portfolio_main_holder clearfix v2 standard portfolio_landscape_image portfolio_one_by_one'>\n        \n        <article class='mix portfolio_category_21 portfolio_category_33 default' style=''>\n    \n    \n    \n                <div class='image_holder'>\n                <a itemprop='url' class='portfolio_link_for_touch' href='https:\/\/www.mitdemlebentanzen.de\/index.php\/portfolio_page\/soul-in-motion-seele-in-bewegung-16-april-2026\/' target='_self'>\n                    \n<span class='image'><img decoding=\"async\" width=\"800\" height=\"600\" src=\"https:\/\/www.mitdemlebentanzen.de\/wp-content\/uploads\/2025\/01\/lh-Soul-in-Motion-800x600-1.jpg\" class=\"attachment-portfolio-landscape size-portfolio-landscape wp-post-image\" alt=\"\" srcset=\"https:\/\/www.mitdemlebentanzen.de\/wp-content\/uploads\/2025\/01\/lh-Soul-in-Motion-800x600-1.jpg 800w, https:\/\/www.mitdemlebentanzen.de\/wp-content\/uploads\/2025\/01\/lh-Soul-in-Motion-800x600-1-300x225.jpg 300w, https:\/\/www.mitdemlebentanzen.de\/wp-content\/uploads\/2025\/01\/lh-Soul-in-Motion-800x600-1-768x576.jpg 768w, https:\/\/www.mitdemlebentanzen.de\/wp-content\/uploads\/2025\/01\/lh-Soul-in-Motion-800x600-1-700x525.jpg 700w\" sizes=\"(max-width: 800px) 100vw, 800px\" \/><\/span>                <\/a>\n\n                <span class='text_holder'>\n    <span class='text_outer'>\n        <span class='text_inner'>\n            <span class='feature_holder'>\n                        <\/span>\n        <\/span>\n    <\/span>\n<\/span>            <\/div>\n                <div class='portfolio_description ' style=background-color:#02010100;'>\n\n        \n    <h5 itemprop=\"name\" class=\"portfolio_title entry_title\"><a itemprop=\"url\" href=\"https:\/\/www.mitdemlebentanzen.de\/index.php\/portfolio_page\/soul-in-motion-seele-in-bewegung-16-april-2026\/\"  target=\"_self\"> 1 Soul in Motion 16.April 2026 M\u00fcnchen<\/a><\/h5>\n\n\n        \n            <span class=\"project_category\"  >\n    Power of Life Dance Abend, Soulmotion    <\/span>\n\n    <\/div>\n        \n<\/article>\n<article class='mix portfolio_category_28 default' style=''>\n    \n    \n    \n                <div class='image_holder'>\n                <a itemprop='url' class='portfolio_link_for_touch' href='https:\/\/www.mitdemlebentanzen.de\/index.php\/portfolio_page\/3-free-to-be-14-21-juni-2026-toskana\/' target='_self'>\n                    \n<span class='image'><img decoding=\"async\" width=\"800\" height=\"600\" src=\"https:\/\/www.mitdemlebentanzen.de\/wp-content\/uploads\/2024\/10\/LH-IFS-Toskana-2026-800x600.webp\" class=\"attachment-portfolio-landscape size-portfolio-landscape wp-post-image\" alt=\"Free to be 2026\" \/><\/span>                <\/a>\n\n                <span class='text_holder'>\n    <span class='text_outer'>\n        <span class='text_inner'>\n            <span class='feature_holder'>\n                        <\/span>\n        <\/span>\n    <\/span>\n<\/span>            <\/div>\n                <div class='portfolio_description ' style=background-color:#02010100;'>\n\n        \n    <h5 itemprop=\"name\" class=\"portfolio_title entry_title\"><a itemprop=\"url\" href=\"https:\/\/www.mitdemlebentanzen.de\/index.php\/portfolio_page\/3-free-to-be-14-21-juni-2026-toskana\/\"  target=\"_self\"> 3 Free to be 14.-21.Juni 2026 Toskana<\/a><\/h5>\n\n\n        \n            <span class=\"project_category\"  >\n    Ferienseminar    <\/span>\n\n    <\/div>\n        \n<\/article>\n<article class='mix portfolio_category_29 portfolio_category_33 default' style=''>\n    \n    \n    \n                <div class='image_holder'>\n                <a itemprop='url' class='portfolio_link_for_touch' href='https:\/\/www.mitdemlebentanzen.de\/index.php\/portfolio_page\/4-sterminuebersicht-2026\/' target='_self'>\n                    \n<span class='image'><img loading=\"lazy\" decoding=\"async\" width=\"800\" height=\"600\" src=\"https:\/\/www.mitdemlebentanzen.de\/wp-content\/uploads\/2025\/09\/Termine-2026-1.jpg\" class=\"attachment-portfolio-landscape size-portfolio-landscape wp-post-image\" alt=\"\" srcset=\"https:\/\/www.mitdemlebentanzen.de\/wp-content\/uploads\/2025\/09\/Termine-2026-1.jpg 800w, https:\/\/www.mitdemlebentanzen.de\/wp-content\/uploads\/2025\/09\/Termine-2026-1-300x225.jpg 300w, https:\/\/www.mitdemlebentanzen.de\/wp-content\/uploads\/2025\/09\/Termine-2026-1-768x576.jpg 768w, https:\/\/www.mitdemlebentanzen.de\/wp-content\/uploads\/2025\/09\/Termine-2026-1-700x525.jpg 700w\" sizes=\"(max-width: 800px) 100vw, 800px\" \/><\/span>                <\/a>\n\n                <span class='text_holder'>\n    <span class='text_outer'>\n        <span class='text_inner'>\n            <span class='feature_holder'>\n                        <\/span>\n        <\/span>\n    <\/span>\n<\/span>            <\/div>\n                <div class='portfolio_description ' style=background-color:#02010100;'>\n\n        \n    <h5 itemprop=\"name\" class=\"portfolio_title entry_title\"><a itemprop=\"url\" href=\"https:\/\/www.mitdemlebentanzen.de\/index.php\/portfolio_page\/4-sterminuebersicht-2026\/\"  target=\"_self\"> 4 Termin\u00fcbersicht 2026<\/a><\/h5>\n\n\n        \n            <span class=\"project_category\"  >\n    Power of Life Dance, Soulmotion    <\/span>\n\n    <\/div>\n        \n<\/article>\n        <div class='filler'><\/div>\n            <div class='filler'><\/div>\n        <\/div>\n\n    \n    <\/div>\t\t\t\t<\/div>\n\t\t\t\t<\/div>\n\t\t\t\t<\/div>\n\t\t\t\t<\/div>\n\t\t","protected":false},"excerpt":{"rendered":"<p>\u00a0 Mit dem Leben tanzen \u00a0 \u00a0 \u00a0 \u00a0 \u00a0 \u00a0 \u00a0 \u00a0 Mit dem Leben tanzen \u2013 eine Einladung an die Lebendigkeit, an die Freude und an all das, was in Dir ist oder noch darauf wartet, entdeckt zu werden. Und \u00fcber Bewegung ins&#8230;<\/p>\n","protected":false},"author":1,"featured_media":15,"parent":0,"menu_order":0,"comment_status":"closed","ping_status":"closed","template":"full_width.php","meta":{"footnotes":""},"class_list":["post-2","page","type-page","status-publish","has-post-thumbnail","hentry"],"_links":{"self":[{"href":"https:\/\/www.mitdemlebentanzen.de\/index.php\/wp-json\/wp\/v2\/pages\/2","targetHints":{"allow":["GET"]}}],"collection":[{"href":"https:\/\/www.mitdemlebentanzen.de\/index.php\/wp-json\/wp\/v2\/pages"}],"about":[{"href":"https:\/\/www.mitdemlebentanzen.de\/index.php\/wp-json\/wp\/v2\/types\/page"}],"author":[{"embeddable":true,"href":"https:\/\/www.mitdemlebentanzen.de\/index.php\/wp-json\/wp\/v2\/users\/1"}],"replies":[{"embeddable":true,"href":"https:\/\/www.mitdemlebentanzen.de\/index.php\/wp-json\/wp\/v2\/comments?post=2"}],"version-history":[{"count":142,"href":"https:\/\/www.mitdemlebentanzen.de\/index.php\/wp-json\/wp\/v2\/pages\/2\/revisions"}],"predecessor-version":[{"id":15190,"href":"https:\/\/www.mitdemlebentanzen.de\/index.php\/wp-json\/wp\/v2\/pages\/2\/revisions\/15190"}],"wp:featuredmedia":[{"embeddable":true,"href":"https:\/\/www.mitdemlebentanzen.de\/index.php\/wp-json\/wp\/v2\/media\/15"}],"wp:attachment":[{"href":"https:\/\/www.mitdemlebentanzen.de\/index.php\/wp-json\/wp\/v2\/media?parent=2"}],"curies":[{"name":"wp","href":"https:\/\/api.w.org\/{rel}","templated":true}]}}